on factor of 244995 and 735?
15
Calculate the highest common factor of 118252 and 3102.
94
What is the greatest common factor of 946891 and 121?
11
Calculate the greatest common divisor of 1839686 and 5963.
67
What is the highest common divisor of 15 and 384630?
15
Calculate the greatest common divisor of 12994 and 1011926.
146
What is the highest common factor of 7847 and 12673304?
133
What is the highest common factor of 3681 and 17426672?
409
Calculate the greatest common factor of 83 and 38133769.
83
Calculate the greatest common factor of 1037250 and 13125.
375
What is the highest common factor of 5355 and 70605?
45
What is the greatest common factor of 93 and 23007363?
93
Calculate the highest common divisor of 669073 and 8144475.
3503
Calculate the greatest common divisor of 274050 and 9520.
70
Calculate the greatest common divisor of 3153111 and 4173.
39
Calculate the highest common divisor of 2583 and 9773211.
861
What is the highest common factor of 25 and 1979145?
5
Calculate the greatest common factor of 9 and 23626485.
9
Calculate the highest common divisor of 2730819 and 2548.
637
What is the greatest common factor of 4128 and 1060470816?
4128
What is the highest common divisor of 207495 and 903915?
2385
Calculate the greatest common factor of 19228 and 181564.
76
What is the greatest common factor of 3353 and 6291201?
7
What is the greatest common factor of 78820 and 180?
20
What is the greatest common divisor of 14 and 1943809?
7
Calculate the greatest common divisor of 28041 and 37531.
13
Calculate the highest common factor of 652 and 7096042.
326
What is the greatest common divisor of 118867007 and 1161?
43
What is the greatest common divisor of 5518 and 16432426?
178
Calculate the highest common divisor of 5835444 and 1052.
1052
What is the highest common divisor of 61566217 and 1798?
899
What is the greatest common factor of 3556912 and 3088?
16
Calculate the greatest common factor of 11247946 and 94.
94
Calculate the highest common factor of 873475080 and 120.
120
Calculate the highest common factor of 44608 and 677104.
16
What is the greatest common divisor of 68 and 329252668?
68
What is the greatest common factor of 1270866 and 39?
3
What is the greatest common divisor of 290 and 18255?
5
Calculate the highest common divisor of 574171 and 15080.
377
What is the highest common divisor of 21384 and 36972?
36
Calculate the highest common divisor of 2304 and 39127392.
288
What is the highest common factor of 3 and 19209183?
3
Calculate the highest common factor of 82191 and 51.
3
Calculate the greatest common divisor of 1152 and 1706931.
9
Calculate the greatest common divisor of 81162 and 5202.
18
What is the highest common divisor of 75919 and 24253?
79
Calculate the greatest common factor of 1702253 and 2093.
161
Calculate the greatest common divisor of 17692800 and 3325.
475
Calculate the greatest common divisor of 20041 and 759104.
409
Calculate the highest common factor of 92130 and 543752.
74
Calculate the highest common divisor of 6216240 and 335120.
4720
What is the greatest common divisor of 2671 and 1158455436?
2671
Calculate the highest common factor of 191 and 30106757.
191
Calculate the greatest common divisor of 215883 and 18665289.
747
What is the greatest common divisor of 23880 and 98040?
120
What is the greatest common divisor of 44 and 235374172?
44
Calculate the greatest common divisor of 1455 and 3866905.
485
What is the highest common divisor of 131989770 and 97470?
5130
Calculate the greatest common factor of 1904415 and 1035.
15
What is the highest common factor of 11142560 and 41080?
520
What is the highest common divisor of 764 and 17790504?
764
What is the highest common divisor of 20 and 13565980?
20
What is the highest common factor of 1410 and 27718485?
705
What is the highest common divisor of 2284633 and 20769?
43
What is the highest common divisor of 194272 and 12208?
16
Calculate the highest common divisor of 152 and 66825128.
152
What is the greatest common factor of 5 and 791035?
5
Calculate the highest common factor of 677800 and 1022600.
200
What is the highest common divisor of 1463 and 117267766?
77
Calculate the highest common factor of 1775 and 26923555.
355
Calculate the greatest common divisor of 20414352 and 224.
112
Calculate the highest common factor of 7244302 and 234.
26
What is the highest common divisor of 21622 and 1683102?
1138
What is the greatest common divisor of 3524 and 37040?
4
Calculate the highest common factor of 5480578 and 1263.
421
What is the greatest common factor of 3042 and 216723?
39
What is the highest common factor of 15 and 11693015?
5
What is the greatest common divisor of 2125 and 182330?
5
Calculate the greatest common divisor of 392966 and 686.
14
What is the highest common factor of 1212 and 6442386?
606
Calculate the highest common factor of 133877576 and 424.
424
What is the highest common divisor of 124092 and 81132?
12
Calculate the greatest common factor of 87209 and 2960.
37
Calculate the greatest common factor of 171088 and 8321744.
592
What is the greatest common factor of 1552158 and 771786?
954
What is the highest common factor of 553524 and 239478?
1434
What is the highest common factor of 56312 and 51656?
8
Calculate the greatest common divisor of 154 and 8165762.
22
Calculate the greatest common factor of 2542 and 664200.
82
What is the highest common factor of 1741883 and 21551?
937
What is the greatest common factor of 14581691 and 1886?
41
What is the greatest common divisor of 18 and 1125567?
9
What is the highest common factor of 171 and 128574425?
19
Calculate the greatest common factor of 48317625 and 2925.
225
What is the greatest common divisor of 4330430 and 4660?
10
Calculate the greatest common factor of 2021821 and 7758.
431
What is the greatest common factor of 381 and 53603652?
381
Calculate the highest common divisor of 24 and 884188080.
24
What is the highest common divisor of 111024 and 3096079?
257
Calculate the highest common divisor of 8331 and 7023.
3
Calculate the highest common factor of 226 and 534715322.
226
Calculate the greatest common divisor of 184 and 227144.
8
What is the greatest common factor of 39995 and 6517285?
95
What is the highest common divisor of 1121 and 10565425?
1121
What is the greatest common divisor of 164577 and 254779?
119
Calculate the greatest common factor of 532546 and 22316.
14
What is the highest common factor of 27608 and 290696?
1624
What is the highest common factor of 105836 and 5464?
4
What is the greatest common factor of 629 and 2201840?
17
Calculate the greatest common divisor of 2360 and 261700.
20
What is the highest common divisor of 21549 and 34386?
33
What is the greatest common divisor of 81358576 and 416?
208
What is the highest common divisor of 12 and 56563392?
12
What is the greatest common factor of 49550936 and 1197?
19
What is the highest common divisor of 288619 and 1538375?
397
Calculate the greatest common divisor of 775437924 and 8472.
4236
What is the highest common factor of 159318 and 14404752?
3006
What is the greatest common factor of 50142652 and 84?
28
Calculate the highest common divisor of 95599562 and 98296.
2234
What is the highest common factor of 227500691 and 58729?
3091
Calculate the highest common factor of 819396 and 336.
12
What is the highest common factor of 9836736 and 64428?
1092
Calculate the highest common factor of 5497149 and 2814.
1407
Calculate the highest common divisor of 321588 and 252.
36
What is the highest common divisor of 308994 and 119?
7
What is the highest common factor of 141056390 and 81605?
4295
What is the greatest common factor of 48578 and 50718?
214
What is the highest common divisor of 99417 and 28551?
93
What is the greatest common factor of 67657 and 150252199?
2333
What is the greatest common factor of 13815 and 111716379?
2763
What is the highest common factor of 663 and 24532989?
663
What is the greatest common divisor of 4163918 and 154?
22
What is the highest common divisor of 2648 and 1771181?
331
Calculate the greatest common divisor of 495305 and 49855.
295
Calculate the greatest common divisor of 208 and 173517448.
104
Calculate the highest common divisor of 312 and 107725683.
39
What is the 